ime?
False
Let y(x) = 24*x**2 + x - 9. Is y(4) composite?
False
Let o(y) = -167*y - 2. Is o(-11) a composite number?
True
Let d(q) = q**3 + q + 25. Suppose -4*b = -0*b. Is d(b) composite?
True
Let y(u) = -u**2 + 5*u + 3. Let k be y(6). Let q(s) be the third derivative of -s**6/120 + s**5/15 - s**4/12 - 2*s**3/3 - 35*s**2. Is q(k) composite?
True
Suppose -2*x + 4*x = 838. Is x composite?
False
Is 1 - 6*-13 - 0 composite?
False
Suppose 0*j - 5*j = 4*g - 2419, -2*j + 5*g + 994 = 0. Is j a prime number?
True
Suppose -27 = 4*y - 7*y. Let d be (y - 3) + 1 + -2. Let i = d + 5. Is i prime?
False
Let y = 14 + -24. Let u be y/55 - (-158)/22. Is (-65)/(-7) - 2/u a composite number?
True
Suppose 0 = 7*q - 4*q. Suppose q = 3*o - 1040 - 73. Is o composite?
True
Let f be -3 + 0*(-1)/3. Let w(s) = -2*s**3 + s**2 + 4. Is w(f) prime?
True
Let i(z) = -23*z**3 + 8*z**2 + 7*z + 1. Is i(-3) a prime number?
True
Let c(b) = b**2 - 10*b - 2. Let o be c(10). Is (-2)/o - 224/(-2) a composite number?
False
Suppose 2*y + 152 = q - 45, 2*y + 396 = 2*q. Is q composite?
False
Let s(b) = b**2 - 6*b + 7. Let t be s(5). Let w = 0 - t. Is -2 + (-1)/(w/74) composite?
True
Suppose -3*h = 0, 10*h = 4*m + 7*h - 15524. Is m a composite number?
False
Suppose 165 = -4*u + 7*u. Is u a prime number?
False
Let x(t) = 2721*t**2 + 2*t + 1. Let g be x(-1). Suppose -5*m = 3*f - 8*f + g, -2*f + m + 1085 = 0. Is f a composite number?
False
Let s = -111 + 122. Is s prime?
True
Suppose -3*b - 2*b + 215 = f, 0 = -5*f + 2*b + 1021. Is f prime?
False
Let c(l) = l**3 + 5*l**2 - 2*l - 3. Is c(-3) a prime number?
False
Suppose 1524 + 1386 = 6*w. Is w prime?
False
Is (-315)/(-3) - 16/(-4) composite?
False
Suppose 3*q - 2*q + 8 = 0. Is (-286)/q + (-18)/24 a composite number?
True
Suppose -5*g - 4*r + 49 = -r, 59 = 5*g - 2*r. Let u be (-194)/22 + (-2)/g. Let s(p) = p**2 + 6*p - 4. Is s(u) a composite number?
False
Let h = 64 + -59. Suppose 2*b = 6, 0 = -4*p + p + 2*b + 45. Suppose -s = -h*x - 22, 4*s - 4*x = 7 + p. Is s a prime number?
True
Let b(f) = -8*f. Let w be b(-3). Let c = 13 + w. Is c composite?
False
Suppose 0 = -2*l + 3*l - 55. Is l a composite number?
True
Suppose 47 = 5*d - 4*d. Is d prime?
True
Suppose -1657 = -7*m + 688. Is m a prime number?
False
Suppose -130 = 4*q - 3*x - 0*x, -q + 2*x = 35. Let g = 122 + q. Is g a composite number?
True
Suppose -4*b = -6*b + 2098. Is b prime?
True
Suppose -k + 141 = 4*i, k = -3*k + 2*i + 600. Is k a composite number?
False
Suppose -o + 289 = k, -o + 2*o + 1433 = 5*k. Is k prime?
False
Let i be (-26 - 5)/(1 - 2). Is -1*(-2)/2*i a composite number?
False
Suppose -20 = 4*y, -5*n - y = -n + 5. Suppose -h + 67 = 4*h + 2*d, n = 3*h + 4*d - 29. Suppose u + h = 2*u. Is u a prime number?
False
Let r(s) = s**3 + s**2 - s + 179. Let m be r(0). Let p = m - 110. Is p a composite number?
True
Suppose -4*q - 168 = 80. Let v = 94 - q. Let u = v + 77. Is u prime?
True
Suppose 5*j + 0*u = -2*u + 3689, u - 3692 = -5*j. Is j prime?
True
Suppose 3*h + 69 = -0*h. Let o(w) = 13*w**2 + 3*w - 2. Let y be o(2). Let t = h + y. Is t a composite number?
True
Let h(i) = -2*i + 9. Suppose 0 = -3*d + 5*j - 79, d + 75 = -4*d - 3*j. Let r = -30 - d. Is h(r) a composite number?
True
Let b(y) = 9*y + 4. Let o be 5/(-10) + (-30)/(-4). Suppose -4*n + 19 = o. Is b(n) a composite number?
False
Let h = 0 + 0. Suppose -l - 166 = -h*l. Is (-1)/(2/(l - 0)) a composite number?
False
Is (-24)/6 - -39*3 a prime number?
True
Suppose 4*g - 982 = 5*b + 1707, -1347 = -2*g + 5*b. Is g a composite number?
True
Let a(r) = 6*r**2 - 31. Is a(-7) a prime number?
True
Suppose -v + 4*g - g + 14 = 0, -3*g = -3*v + 12. Is (-37 + v)*3/(-2) a composite number?
True
Let r(c) = -82*c - 29. Is r(-15) prime?
True
Suppose -3*d - 7 = -25. Let h(o) = -35*o + 21. Let f(j) = -23*j + 14. Let k(v) = 7*f(v) - 5*h(v). Is k(d) a composite number?
True
Suppose 1496 = 4*g + 4*g. Is g a prime number?
False
Let y be 36/15*20/6. Suppose -4*s - y + 0 = 0. Is ((-9)/(-6))/((-1)/s) a composite number?
False
Let y(r) = 21*r**2 - 1 + 2*r**2 - 7*r**2 - r. Let t(i) = -i**2 - 8*i - 9. Let v be t(-7). Is y(v) a composite number?
True
Let d(t) = -t**2 + 8*t - 6. Let u be d(5). Suppose -y = -u - 3. Is (21/y - 0)*20 a prime number?
False
Let i = 220 + -93. Is i prime?
True
Is (3 - 19818/(-4))*16/24 a composite number?
True
Let j = -6 - -9. Suppose 5*c - 68 = j*c. Is c a prime number?
False
Let h be (-2)/1*(-12)/6. Suppose 2*l = m + 5, -l = h*l + 2*m - 26. Suppose 3*w - 29 - l = 0. Is w composite?
False
Suppose -3*v = 5*m - 1, m - v - 1 = 2*m. Is (-14)/3*(-3)/m composite?
False
Let i(j) = 7*j**2 - 14*j - 1. Let v be i(6). Let y(p) = -2*p**3 - 5*p**2 + p. Let f be y(-6). Let a = f - v. Is a a prime number?
True
Suppose 0 = 4*g - 38 + 10. Is g prime?
True
Suppose 3*m + 5*m = 776. Is m a prime number?
True
Is 698 + 1/((-2)/2) a composite number?
True
Suppose -2*j = -t + 219 - 606, 0 = 5*t + 15. Let x = -125 + j. Is x composite?
False
Let a be (356/(-6))/(6/(-9)). Suppose 4*o + 0*o = -q + a, 0 = -5*o - 25. Is q a prime number?
True
Suppose 2*p + 4 = -2*f - 6, 2*p - 5*f - 4 = 0. Let s(h) be the first derivative of -41*h**2/2 - 2*h + 2. Is s(p) a prime number?
False
Suppose 2*d = 5*x + 7*d, 2*x = -3*d. Suppose -8*f + 3*f + 955 = x. Is f composite?
False
Suppose -2*s + 5 = -s. Suppose -s*v = 60 + 5. Is v/(-3 - 4/(-2)) composite?
False
Suppose -3*w - 230 = -5*w. Is (w/(-1))/((-2)/2) composite?
True
Let u be 4/(6/3) + 2. Suppose j = -5*w + 11, -2*w + 0*j = -u*j. Is (-7)/w*(-26)/1 composite?
True
Suppose -b + 95 = -978. Is b prime?
False
Let g(j) = -3*j - 17. Is g(-16) composite?
False
Let n = -82 + 116. Let d = n - 13. Is d composite?
True
Suppose 0 = -5*o - 8 + 3. Let m be o - 2/(-1) - -5. Suppose -2 = z - m. Is z a composite number?
True
Let z be 0 + (2/(-1) - -434). Let y = z - 268. Suppose 3*j - 73 = y. Is j a composite number?
False
Is (-4630)/(-14) - 6/(-21) a composite number?
False
Let l(g) = g**3 + 7*g**2 + 5*g - 3. Let h be l(-6). Let p(y) = 16*y**2 - 5*y + 2. Is p(h) a composite number?
False
Suppose -3*h + 14*h - 29942 = 0. Is h a prime number?
False
Let b = 3 - -1. Suppose 0 = 2*l - 5*k - 79, l + b*k + k - 32 = 0. Suppose -l = -3*j + 41. Is j prime?
False
Let r(i) = i**3 + 6*i**2 + 3*i - 8. Let s be r(-4). Let u(m) = m**2 - 7*m + 8. Let c be u(6). Suppose c*z = 122 + s. Is z composite?
False
Let t(c) = c**3 + 2*c**2 - 4*c - 2. Let r be t(-3). Suppose -2*w - 5*s = -11, 11 + r = 4*s. Is 21/9*w*-3 composite?
True
Suppose -6*p + 7*p - 2201 = 0. Is p a composite number?
True
Let l be 2/2*3/1. Suppose -4*d - 12 = 0, -5*d - 83 = -l*b - 326. Let h = b - -121. Is h composite?
True
Let o(m) = -18*m - 1. Let g(n) = -n**3 - 5*n**2 - 4*n - 2. Let z be g(-4). Is o(z) a composite number?
True
Let j(l) = 3*l**3 - 3*l**2 + 3*l + 40. Let q(w) = -w**3 + w**2 - w - 13. Let x = -2 - -8. Let u(t) = x*j(t) + 17*q(t). Is u(0) a prime number?
True
Suppose 3*t = t + 14. Let z be t/(-5) - (-4)/10. Is (z/3)/(3/(-279)) a prime number?
True
Suppose 2*t + 1948 = 6*t. Is t a composite number?
False
Is 314*((-3)/2)/(-3) prime?
True
Let h(x) = x - 2. Let j be h(6). Is -2*((-590)/j)/5 a prime number?
True
Is (-3)/(-24) + (-9180)/(-32) composite?
True
Suppose 4*l - 26 = 86. Is 244/l - 2/(-7) prime?
False
Let l(w) = -3*w + 6. Let m be l(7). Let x = -8 - m. Is x a prime number?
True
Let g(c) = 3*c**2 + 1. Let u be -5 + 2/(2 - 0). Is g(u) prime?
False
Suppose 4*b + 2*b - 36 = 0. Is b prime?
False
Let x(m) = m - 9. Let u be x(11). Suppose 395 = -a + 3*a + 5*i, 2*a - 404 = -u*i. Is a a prime number?
False
Suppose 2*d = 523 - 2049. Let q = d - -1904. Is q a prime number?
False
Let v = -6 - -10. Suppose -38 = -0*b - 4*b - 5*i, -5*i = -2*b + v. Is b a composite number?
False
Let g = 1104 + -17. Is g a prime number?
True
Suppose -28 = 4*g - 1376. Is g composite?
False
Suppose 2*a - 42 = a. Suppose -5*h + 4 = 2*o, 4*o - h = a + 10. Suppose -5*r = -r - o, 3*v = r + 183. Is v prime?
False
Let r(n) be the third derivative of n**6/120 + n**4/24 + 31*n**3/6 + n**2. Is r(0) composite?
False
Suppose -3*r = 2*l - 2, 0 = 5*l - 2*r + 2 - 26. Let z(u) = 3*u**3 + 2*u**2 - 5*u - 1. Is z(l) prime?
False
Let t(m) = -m**2 - m + 2. Let i be t(0). Suppose 25 + 5 = i*y. Is y composite?
True
Is 6/(-10)*(